te the remainder when 1372 is divided by 305.
152
What is the remainder when 2799 is divided by 61?
54
What is the remainder when 423 is divided by 80?
23
Calculate the remainder when 176 is divided by 11.
0
What is the remainder when 259 is divided by 87?
85
Calculate the remainder when 297 is divided by 75.
72
What is the remainder when 153 is divided by 16?
9
Calculate the remainder when 251 is divided by 9.
8
What is the remainder when 581 is divided by 116?
1
What is the remainder when 2514 is divided by 24?
18
Calculate the remainder when 5074 is divided by 298.
8
Calculate the remainder when 14 is divided by 1.
0
What is the remainder when 6467 is divided by 21?
20
What is the remainder when 153 is divided by 14?
13
What is the remainder when 1295 is divided by 24?
23
Calculate the remainder when 417 is divided by 75.
42
Calculate the remainder when 314 is divided by 21.
20
What is the remainder when 3327 is divided by 1657?
13
Calculate the remainder when 10497 is divided by 14.
11
What is the remainder when 166 is divided by 17?
13
What is the remainder when 321 is divided by 154?
13
What is the remainder when 34 is divided by 11?
1
What is the remainder when 6382 is divided by 41?
27
What is the remainder when 143 is divided by 21?
17
Calculate the remainder when 54 is divided by 32.
22
Calculate the remainder when 25 is divided by 12.
1
What is the remainder when 6694 is divided by 62?
60
Calculate the remainder when 2682 is divided by 1338.
6
What is the remainder when 517 is divided by 74?
73
Calculate the remainder when 333 is divided by 310.
23
Calculate the remainder when 760 is divided by 25.
10
What is the remainder when 1103 is divided by 194?
133
Calculate the remainder when 4199 is divided by 34.
17
Calculate the remainder when 96 is divided by 45.
6
Calculate the remainder when 319 is divided by 156.
7
Calculate the remainder when 36 is divided by 1.
0
Calculate the remainder when 136 is divided by 45.
1
Calculate the remainder when 1436 is divided by 206.
200
Calculate the remainder when 266 is divided by 10.
6
Calculate the remainder when 29 is divided by 12.
5
Calculate the remainder when 112 is divided by 60.
52
What is the remainder when 663 is divided by 44?
3
What is the remainder when 621 is divided by 131?
97
What is the remainder when 358 is divided by 4?
2
Calculate the remainder when 30 is divided by 4.
2
What is the remainder when 4366 is divided by 84?
82
What is the remainder when 4708 is divided by 23?
16
Calculate the remainder when 69 is divided by 30.
9
What is the remainder when 535 is divided by 45?
40
Calculate the remainder when 2402 is divided by 184.
10
What is the remainder when 250 is divided by 72?
34
Calculate the remainder when 359 is divided by 20.
19
Calculate the remainder when 1053 is divided by 346.
15
What is the remainder when 2397 is divided by 12?
9
Calculate the remainder when 1145 is divided by 571.
3
Calculate the remainder when 7943 is divided by 150.
143
Calculate the remainder when 70 is divided by 7.
0
Calculate the remainder when 159 is divided by 23.
21
Calculate the remainder when 456 is divided by 34.
14
What is the remainder when 2498 is divided by 20?
18
Calculate the remainder when 12318 is divided by 44.
42
Calculate the remainder when 252 is divided by 67.
51
What is the remainder when 84 is divided by 50?
34
Calculate the remainder when 688 is divided by 46.
44
Calculate the remainder when 67 is divided by 20.
7
What is the remainder when 1184 is divided by 34?
28
What is the remainder when 2246 is divided by 206?
186
What is the remainder when 197 is divided by 121?
76
Calculate the remainder when 270 is divided by 142.
128
Calculate the remainder when 31 is divided by 18.
13
Calculate the remainder when 562 is divided by 179.
25
What is the remainder when 272 is divided by 225?
47
What is the remainder when 283 is divided by 96?
91
What is the remainder when 1702 is divided by 71?
69
Calculate the remainder when 259 is divided by 89.
81
What is the remainder when 602 is divided by 26?
4
Calculate the remainder when 10383 is divided by 67.
65
Calculate the remainder when 1490 is divided by 147.
20
Calculate the remainder when 174 is divided by 35.
34
What is the remainder when 188 is divided by 57?
17
Calculate the remainder when 1215 is divided by 405.
0
What is the remainder when 61 is divided by 7?
5
Calculate the remainder when 944 is divided by 162.
134
Calculate the remainder when 109 is divided by 91.
18
What is the remainder when 5379 is divided by 596?
15
What is the remainder when 1166 is divided by 61?
7
Calculate the remainder when 25 is divided by 8.
1
What is the remainder when 540 is divided by 263?
14
What is the remainder when 740 is divided by 242?
14
What is the remainder when 3562 is divided by 297?
295
What is the remainder when 554 is divided by 28?
22
Calculate the remainder when 426 is divided by 14.
6
What is the remainder when 674 is divided by 98?
86
Calculate the remainder when 19 is divided by 4.
3
What is the remainder when 204 is divided by 82?
40
Calculate the remainder when 6235 is divided by 48.
43
What is the remainder when 4103 is divided by 54?
53
What is the remainder when 1193 is divided by 119?
3
Calculate the remainder when 190 is divided by 24.
22
Calculate the remainder when 683 is divided by 138.
131
What is the remainder when 15 is divided by 3?
0
Calculate the remainder when 173 is divided by 58.
57
What is the remainder when 266 is divided by 105?
56
What is the remainder when 522 is divided by 24?
18
What is the remainder when 9438 is divided by 9?
6
What is the remainder when 45977 is divided by 97?
96
What is the remainder when 326 is divided by 35?
11
Calculate the remainder when 514 is divided by 150.
64
What is the remainder when 2209 is divided by 130?
129
What is the remainder when 46 is divided by 19?
8
Calculate the remainder when 560 is divided by 274.
12
What is the remainder when 864 is divided by 13?
6
Calculate the remainder when 1007 is divided by 74.
45
What is the remainder when 16 is divided by 2?
0
What is the remainder when 757 is divided by 29?
3
Calculate the remainder when 22 is divided by 3.
1
Calculate the remainder when 172 is divided by 29.
27
Calculate the remainder when 1591 is divided by 1590.
1
Calculate the remainder when 430 is divided by 47.
7
What is the remainder when 1000 is divided by 57?
31
What is the remainder when 394 is divided by 100?
94
What is the remainder when 26 is divided by 2?
0
What is the remainder when 621 is divided by 78?
75
What is the remainder when 77 is divided by 28?
21
Calculate the remainder when 378 is divided by 122.
12
Calculate the remainder when 94 is divided by 11.
6
What is the remainder when 153 is divided by 48?
9
Calculate the remainder when 73 is divided by 20.
13
What is the remainder when 477 is divided by 177?
123
Calculate the remainder when 464 is divided by 12.
8
Calculate the remainder when 663 is divided by 6.
3
Calculate the remainder when 28424 is divided by 6.
2
Calculate the remainder when 2923 is divided by 11.
8
Calculate the remainder when 348 is divided by 27.
24
What is the remainder when 2858 is divided by 14?
2
Calculate the remainder when 552 is divided by 7.
6
Calculate the remainder when 781 is divided by 34.
33
What is the remainder when 156 is divided by 72?
12
Calculate the remainder when 497 is divided by 131.
104
What is the remainder when 264 is divided by 70?
54
What is the remainder when 402 is divided by 13?
12
Calculate the remainder when 60 is divided by 31.
29
Calculate the remainder when 852 is divided by 122.
120
Calculate the remainder when 203 is divided by 65.
8
What is the remainder when 100 is divided by 61?
39
What is the remainder when 157 is divided by 32?
29
Calculate the remainder when 79 is divided by 38.
3
What is the remainder when 24 is divided by 3?
0
Calculate the remainder when 111 is divided by 9.
3
Calculate the remainder when 1288 is divided by 165.
133
Calculate the remainder when 220 is divided by 114.
106
Calculate the remainder when 863 is divided by 28.
23
Calculate the remainder when 855 is divided by 129.
81
What is the remainder when 54 is divided by 40?
14
What is the remainder